{"id":839,"date":"2015-09-04T05:19:49","date_gmt":"2015-09-04T05:19:49","guid":{"rendered":"http:\/\/feldenkraisqc.ca\/?post_type=project&#038;p=839"},"modified":"2024-06-28T14:11:47","modified_gmt":"2024-06-28T18:11:47","slug":"lise-parent","status":"publish","type":"project","link":"https:\/\/feldenkraisqc.ca\/?project=lise-parent","title":{"rendered":"Lise Parent"},"content":{"rendered":"<p>[et_pb_section fb_built=\u00a0\u00bb1&Prime; admin_label=\u00a0\u00bbsection\u00a0\u00bb _builder_version=\u00a0\u00bb3.22&Prime;][et_pb_row column_structure=\u00a0\u00bb3_4,1_4&Prime; admin_label=\u00a0\u00bbLigne\u00a0\u00bb _builder_version=\u00a0\u00bb3.25&Prime; background_size=\u00a0\u00bbinitial\u00a0\u00bb background_position=\u00a0\u00bbtop_left\u00a0\u00bb background_repeat=\u00a0\u00bbrepeat\u00a0\u00bb][et_pb_column type=\u00a0\u00bb3_4&Prime; _builder_version=\u00a0\u00bb3.25&Prime; custom_padding=\u00a0\u00bb|||\u00a0\u00bb custom_padding__hover=\u00a0\u00bb|||\u00a0\u00bb][et_pb_text admin_label=\u00a0\u00bbTexte\u00a0\u00bb _builder_version=\u00a0\u00bb4.9.0&Prime; background_size=\u00a0\u00bbinitial\u00a0\u00bb background_position=\u00a0\u00bbtop_left\u00a0\u00bb background_repeat=\u00a0\u00bbrepeat\u00a0\u00bb use_border_color=\u00a0\u00bboff\u00a0\u00bb border_color=\u00a0\u00bb#ffffff\u00a0\u00bb border_style=\u00a0\u00bbsolid\u00a0\u00bb]<\/p>\n<h1>Lise Parent<\/h1>\n<p>\u00c9ducatrice somatique certifi\u00e9e par l\u2019AFQ<br \/><strong>Gatineau et Orl\u00e9ans, Ontario.<\/strong><\/p>\n<p>613-746-0985<br \/><a href=\"mailto:liseparent26@yahoo.com\">liseparent26@yahoo.com<\/a><\/p>\n<p>[\/et_pb_text][\/et_pb_column][et_pb_column type=\u00a0\u00bb1_4&Prime; _builder_version=\u00a0\u00bb3.25&Prime; custom_padding=\u00a0\u00bb|||\u00a0\u00bb custom_padding__hover=\u00a0\u00bb|||\u00a0\u00bb][et_pb_image src=\u00a0\u00bbhttp:\/\/feldenkraisqc.ca\/wp-content\/uploads\/2015\/09\/Parent-Lise.jpg\u00a0\u00bb align_tablet=\u00a0\u00bbcenter\u00a0\u00bb align_phone=\u00a0\u00bb\u00a0\u00bb align_last_edited=\u00a0\u00bbon|desktop\u00a0\u00bb admin_label=\u00a0\u00bbImage\u00a0\u00bb _builder_version=\u00a0\u00bb3.23&Prime; animation_style=\u00a0\u00bbslide\u00a0\u00bb animation_direction=\u00a0\u00bbleft\u00a0\u00bb animation_duration=\u00a0\u00bb500ms\u00a0\u00bb animation_intensity_slide=\u00a0\u00bb10%\u00a0\u00bb use_border_color=\u00a0\u00bboff\u00a0\u00bb border_color=\u00a0\u00bb#ffffff\u00a0\u00bb border_style=\u00a0\u00bbsolid\u00a0\u00bb animation=\u00a0\u00bbleft\u00a0\u00bb sticky=\u00a0\u00bboff\u00a0\u00bb always_center_on_mobile=\u00a0\u00bbon\u00a0\u00bb] [\/et_pb_image][\/et_pb_column][\/et_pb_row][et_pb_row admin_label=\u00a0\u00bbrow\u00a0\u00bb _builder_version=\u00a0\u00bb3.25&Prime; background_size=\u00a0\u00bbinitial\u00a0\u00bb background_position=\u00a0\u00bbtop_left\u00a0\u00bb background_repeat=\u00a0\u00bbrepeat\u00a0\u00bb][et_pb_column type=\u00a0\u00bb4_4&Prime; _builder_version=\u00a0\u00bb3.25&Prime; custom_padding=\u00a0\u00bb|||\u00a0\u00bb custom_padding__hover=\u00a0\u00bb|||\u00a0\u00bb][et_pb_text admin_label=\u00a0\u00bbTexte\u00a0\u00bb _builder_version=\u00a0\u00bb4.9.0&Prime; background_size=\u00a0\u00bbinitial\u00a0\u00bb background_position=\u00a0\u00bbtop_left\u00a0\u00bb background_repeat=\u00a0\u00bbrepeat\u00a0\u00bb use_border_color=\u00a0\u00bboff\u00a0\u00bb border_color=\u00a0\u00bb#ffffff\u00a0\u00bb border_style=\u00a0\u00bbsolid\u00a0\u00bb]<\/p>\n<p>Maintenant retir\u00e9e, j\u2019ai enseign\u00e9 le Ta\u00ef Chi tao\u00efste durant plus de 25 ans dans mon milieu de travail et pratique encore cette m\u00e9thode de m\u00e9ditation en mouvement r\u00e9guli\u00e8rement avec un groupe de personnes.\u00a0 J\u2019ai \u00e9t\u00e9 introduite \u00e0 la M\u00e9thode Feldenkrais en 2001 par une participante de Ta\u00ef Chi qui me sugg\u00e9ra d\u2019essayer les classes Feldenkrais pour aider une douleur sciatique.<\/p>\n<p>En 2008, ayant particip\u00e9 \u00e0 un atelier d\u2019introduction et \u00e9tant partisane de sant\u00e9 consciente, ai d\u00e9cid\u00e9 de poursuivre mon int\u00e9r\u00eat pour cette modalit\u00e9. Cette m\u00eame ann\u00e9e, j\u2019ai \u00e9t\u00e9 accept\u00e9e dans le premier contingent d\u2019individus \u00e0 \u00eatre instruits de cette m\u00e9thode afin de devenir enseignante.\u00a0 J\u2019ai \u00e9tudi\u00e9 et fut entra\u00een\u00e9e \u00e0 l\u2019\u00c9cole qu\u00e9b\u00e9coise de formation en \u00e9ducation somatique (certificat 2010) ainsi qu\u2019\u00e0 l\u2019Institut Feldenkrais en \u00c9ducation Somatique (certificat 2012).<\/p>\n<p>J\u2019offre pr\u00e9sentement des cours de groupe et des s\u00e9ances individuelles pour toute personne dispos\u00e9e \u00e0 b\u00e9n\u00e9ficier de cette m\u00e9thode \u00e9tonnante.<\/p>\n<p>J&rsquo;enseigne \u00e0 l&rsquo;ARO (Acad\u00e9mie des Retrait\u00e9s de l&rsquo;Outaouais) \u00e0 Gatineau, QC ainsi qu&rsquo;au MIFO (Mouvement d&rsquo;Implication Francophone d&rsquo;Orl\u00e9ans) \u00e0 Orl\u00e9ans ON.<\/p>\n<p>_______________<\/p>\n<p>Now retired, I have been teaching Tao\u00efst Ta\u00ef Chi for over 25 years at my previous workplace, and still practice this form of moving meditation regularly with a core group of people. I was introduced to the Feldenkrais Method in 2001 through a fellow Ta\u00ef Chi participant, who suggested I try Feldenkrais classes to help with sciatic pain.<\/p>\n<p>In 2008, I participated in an Introductory workshop and being a health conscious individual, I decided to further my interest in this modality. \u00a0That same year, I was accepted in the first contingent of people to be taught this method to become an instructor. \u00a0I studied and trained at l\u2019\u00c9cole qu\u00e9b\u00e9coise de formation en \u00e9ducation somatique in Somatic Education (Certificate 2010), and the Institute for the Study of Somatic Education (Certificate 2012).<\/p>\n<p>I currently offer group classes and individual sessions for anyone willing to benefit from this amazing method.<\/p>\n<p>[\/et_pb_text][\/et_pb_column][\/et_pb_row][\/et_pb_section]<\/p>\n","protected":false},"excerpt":{"rendered":"<p>[et_pb_section fb_built=\u00a0\u00bb1&Prime; admin_label=\u00a0\u00bbsection\u00a0\u00bb _builder_version=\u00a0\u00bb3.22&Prime;][et_pb_row column_structure=\u00a0\u00bb3_4,1_4&Prime; admin_label=\u00a0\u00bbLigne\u00a0\u00bb _builder_version=\u00a0\u00bb3.25&Prime; background_size=\u00a0\u00bbinitial\u00a0\u00bb background_position=\u00a0\u00bbtop_left\u00a0\u00bb background_repeat=\u00a0\u00bbrepeat\u00a0\u00bb][et_pb_column type=\u00a0\u00bb3_4&Prime; _builder_version=\u00a0\u00bb3.25&Prime; custom_padding=\u00a0\u00bb|||\u00a0\u00bb custom_padding__hover=\u00a0\u00bb|||\u00a0\u00bb][et_pb_text admin_label=\u00a0\u00bbTexte\u00a0\u00bb _builder_version=\u00a0\u00bb4.9.0&Prime; background_size=\u00a0\u00bbinitial\u00a0\u00bb background_position=\u00a0\u00bbtop_left\u00a0\u00bb background_repeat=\u00a0\u00bbrepeat\u00a0\u00bb use_border_color=\u00a0\u00bboff\u00a0\u00bb border_color=\u00a0\u00bb#ffffff\u00a0\u00bb border_style=\u00a0\u00bbsolid\u00a0\u00bb] Lise Parent \u00c9ducatrice somatique certifi\u00e9e par l\u2019AFQGatineau et Orl\u00e9ans, Ontario. 613-746-0985liseparent26@yahoo.com [\/et_pb_text][\/et_pb_column][et_pb_column type=\u00a0\u00bb1_4&Prime; _builder_version=\u00a0\u00bb3.25&Prime; custom_padding=\u00a0\u00bb|||\u00a0\u00bb custom_padding__hover=\u00a0\u00bb|||\u00a0\u00bb][et_pb_image src=\u00a0\u00bbhttp:\/\/feldenkraisqc.ca\/wp-content\/uploads\/2015\/09\/Parent-Lise.jpg\u00a0\u00bb align_tablet=\u00a0\u00bbcenter\u00a0\u00bb align_phone=\u00a0\u00bb\u00a0\u00bb align_last_edited=\u00a0\u00bbon|desktop\u00a0\u00bb admin_label=\u00a0\u00bbImage\u00a0\u00bb _builder_version=\u00a0\u00bb3.23&Prime; animation_style=\u00a0\u00bbslide\u00a0\u00bb animation_direction=\u00a0\u00bbleft\u00a0\u00bb animation_duration=\u00a0\u00bb500ms\u00a0\u00bb animation_intensity_slide=\u00a0\u00bb10%\u00a0\u00bb use_border_color=\u00a0\u00bboff\u00a0\u00bb border_color=\u00a0\u00bb#ffffff\u00a0\u00bb border_style=\u00a0\u00bbsolid\u00a0\u00bb animation=\u00a0\u00bbleft\u00a0\u00bb sticky=\u00a0\u00bboff\u00a0\u00bb always_center_on_mobile=\u00a0\u00bbon\u00a0\u00bb] [\/et_pb_image][\/et_pb_column][\/et_pb_row][et_pb_row [&hellip;]<\/p>\n","protected":false},"author":1,"featured_media":0,"comment_status":"closed","ping_status":"closed","template":"","meta":{"_et_pb_use_builder":"on","_et_pb_old_content":"","_et_gb_content_width":"","footnotes":""},"project_category":[],"project_tag":[],"class_list":["post-839","project","type-project","status-publish","hentry"],"_links":{"self":[{"href":"https:\/\/feldenkraisqc.ca\/index.php?rest_route=\/wp\/v2\/project\/839","targetHints":{"allow":["GET"]}}],"collection":[{"href":"https:\/\/feldenkraisqc.ca\/index.php?rest_route=\/wp\/v2\/project"}],"about":[{"href":"https:\/\/feldenkraisqc.ca\/index.php?rest_route=\/wp\/v2\/types\/project"}],"author":[{"embeddable":true,"href":"https:\/\/feldenkraisqc.ca\/index.php?rest_route=\/wp\/v2\/users\/1"}],"replies":[{"embeddable":true,"href":"https:\/\/feldenkraisqc.ca\/index.php?rest_route=%2Fwp%2Fv2%2Fcomments&post=839"}],"version-history":[{"count":7,"href":"https:\/\/feldenkraisqc.ca\/index.php?rest_route=\/wp\/v2\/project\/839\/revisions"}],"predecessor-version":[{"id":2778,"href":"https:\/\/feldenkraisqc.ca\/index.php?rest_route=\/wp\/v2\/project\/839\/revisions\/2778"}],"wp:attachment":[{"href":"https:\/\/feldenkraisqc.ca\/index.php?rest_route=%2Fwp%2Fv2%2Fmedia&parent=839"}],"wp:term":[{"taxonomy":"project_category","embeddable":true,"href":"https:\/\/feldenkraisqc.ca\/index.php?rest_route=%2Fwp%2Fv2%2Fproject_category&post=839"},{"taxonomy":"project_tag","embeddable":true,"href":"https:\/\/feldenkraisqc.ca\/index.php?rest_route=%2Fwp%2Fv2%2Fproject_tag&post=839"}],"curies":[{"name":"wp","href":"https:\/\/api.w.org\/{rel}","templated":true}]}}

<p>[et_pb_section fb_built= »1&Prime; admin_label= »section » _builder_version= »3.22&Prime;][et_pb_row column_structure= »3_4,1_4&Prime; admin_label= »Ligne » _builder_version= »3.25&Prime; background_size= »initial » background_position= »top_left » background_repeat= »repeat »][et_pb_column type= »3_4&Prime; _builder_version= »3.25&Prime; custom_padding= »||| » custom_padding__hover= »||| »][et_pb_text admin_label= »Texte » _builder_version= »4.9.0&Prime; background_size= »initial » background_position= »top_left » background_repeat= »repeat » use_border_color= »off » border_color= »#ffffff » border_style= »solid »]</p>
<h1>Lise Parent</h1>
<p>Éducatrice somatique certifiée par l’AFQ<br /><strong>Gatineau et Orléans, Ontario.</strong></p>
<p>613-746-0985<br /><a href="mailto:liseparent26@yahoo.com">liseparent26@yahoo.com</a></p>
<p>[/et_pb_text][/et_pb_column][et_pb_column type= »1_4&Prime; _builder_version= »3.25&Prime; custom_padding= »||| » custom_padding__hover= »||| »][et_pb_image src= »http://feldenkraisqc.ca/wp-content/uploads/2015/09/Parent-Lise.jpg » align_tablet= »center » align_phone= » » align_last_edited= »on|desktop » admin_label= »Image » _builder_version= »3.23&Prime; animation_style= »slide » animation_direction= »left » animation_duration= »500ms » animation_intensity_slide= »10% » use_border_color= »off » border_color= »#ffffff » border_style= »solid » animation= »left » sticky= »off » always_center_on_mobile= »on »] [/et_pb_image][/et_pb_column][/et_pb_row][et_pb_row admin_label= »row » _builder_version= »3.25&Prime; background_size= »initial » background_position= »top_left » background_repeat= »repeat »][et_pb_column type= »4_4&Prime; _builder_version= »3.25&Prime; custom_padding= »||| » custom_padding__hover= »||| »][et_pb_text admin_label= »Texte » _builder_version= »4.9.0&Prime; background_size= »initial » background_position= »top_left » background_repeat= »repeat » use_border_color= »off » border_color= »#ffffff » border_style= »solid »]</p>
<p>Maintenant retirée, j’ai enseigné le Taï Chi taoïste durant plus de 25 ans dans mon milieu de travail et pratique encore cette méthode de méditation en mouvement régulièrement avec un groupe de personnes.  J’ai été introduite à la Méthode Feldenkrais en 2001 par une participante de Taï Chi qui me suggéra d’essayer les classes Feldenkrais pour aider une douleur sciatique.</p>
<p>En 2008, ayant participé à un atelier d’introduction et étant partisane de santé consciente, ai décidé de poursuivre mon intérêt pour cette modalité. Cette même année, j’ai été acceptée dans le premier contingent d’individus à être instruits de cette méthode afin de devenir enseignante.  J’ai étudié et fut entraînée à l’École québécoise de formation en éducation somatique (certificat 2010) ainsi qu’à l’Institut Feldenkrais en Éducation Somatique (certificat 2012).</p>
<p>J’offre présentement des cours de groupe et des séances individuelles pour toute personne disposée à bénéficier de cette méthode étonnante.</p>
<p>J&rsquo;enseigne à l&rsquo;ARO (Académie des Retraités de l&rsquo;Outaouais) à Gatineau, QC ainsi qu&rsquo;au MIFO (Mouvement d&rsquo;Implication Francophone d&rsquo;Orléans) à Orléans ON.</p>
<p>_______________</p>
<p>Now retired, I have been teaching Taoïst Taï Chi for over 25 years at my previous workplace, and still practice this form of moving meditation regularly with a core group of people. I was introduced to the Feldenkrais Method in 2001 through a fellow Taï Chi participant, who suggested I try Feldenkrais classes to help with sciatic pain.</p>
<p>In 2008, I participated in an Introductory workshop and being a health conscious individual, I decided to further my interest in this modality.  That same year, I was accepted in the first contingent of people to be taught this method to become an instructor.  I studied and trained at l’École québécoise de formation en éducation somatique in Somatic Education (Certificate 2010), and the Institute for the Study of Somatic Education (Certificate 2012).</p>
<p>I currently offer group classes and individual sessions for anyone willing to benefit from this amazing method.</p>
<p>[/et_pb_text][/et_pb_column][/et_pb_row][/et_pb_section]</p>

<p>[et_pb_section fb_built= »1&Prime; admin_label= »section » _builder_version= »3.22&Prime;][et_pb_row column_structure= »3_4,1_4&Prime; admin_label= »Ligne » _builder_version= »3.25&Prime; background_size= »initial » background_position= »top_left » background_repeat= »repeat »][et_pb_column type= »3_4&Prime; _builder_version= »3.25&Prime; custom_padding= »||| » custom_padding__hover= »||| »][et_pb_text admin_label= »Texte » _builder_version= »4.9.0&Prime; background_size= »initial » background_position= »top_left » background_repeat= »repeat » use_border_color= »off » border_color= »#ffffff » border_style= »solid »] Lise Parent Éducatrice somatique certifiée par l’AFQGatineau et Orléans, Ontario. 613-746-0985liseparent26@yahoo.com [/et_pb_text][/et_pb_column][et_pb_column type= »1_4&Prime; _builder_version= »3.25&Prime; custom_padding= »||| » custom_padding__hover= »||| »][et_pb_image src= »http://feldenkraisqc.ca/wp-content/uploads/2015/09/Parent-Lise.jpg » align_tablet= »center » align_phone= » » align_last_edited= »on|desktop » admin_label= »Image » _builder_version= »3.23&Prime; animation_style= »slide » animation_direction= »left » animation_duration= »500ms » animation_intensity_slide= »10% » use_border_color= »off » border_color= »#ffffff » border_style= »solid » animation= »left » sticky= »off » always_center_on_mobile= »on »] [/et_pb_image][/et_pb_column][/et_pb_row][et_pb_row [&hellip;]</p>
