{"id":862,"date":"2015-09-04T05:58:32","date_gmt":"2015-09-04T05:58:32","guid":{"rendered":"http:\/\/feldenkraisqc.ca\/?post_type=project&#038;p=862"},"modified":"2025-05-06T11:04:07","modified_gmt":"2025-05-06T15:04:07","slug":"marie-loraine-berube","status":"publish","type":"project","link":"https:\/\/feldenkraisqc.ca\/?project=marie-loraine-berube","title":{"rendered":"Marie-Lorraine B\u00e9rub\u00e9"},"content":{"rendered":"<p>[et_pb_section fb_built=\u00a0\u00bb1&Prime; admin_label=\u00a0\u00bbsection\u00a0\u00bb _builder_version=\u00a0\u00bb3.22&Prime;][et_pb_row column_structure=\u00a0\u00bb3_4,1_4&Prime; admin_label=\u00a0\u00bbLigne\u00a0\u00bb _builder_version=\u00a0\u00bb3.25&Prime; background_size=\u00a0\u00bbinitial\u00a0\u00bb background_position=\u00a0\u00bbtop_left\u00a0\u00bb background_repeat=\u00a0\u00bbrepeat\u00a0\u00bb][et_pb_column type=\u00a0\u00bb3_4&Prime; _builder_version=\u00a0\u00bb3.25&Prime; custom_padding=\u00a0\u00bb|||\u00a0\u00bb custom_padding__hover=\u00a0\u00bb|||\u00a0\u00bb][et_pb_text admin_label=\u00a0\u00bbTexte\u00a0\u00bb _builder_version=\u00a0\u00bb3.27.4&Prime; background_size=\u00a0\u00bbinitial\u00a0\u00bb background_position=\u00a0\u00bbtop_left\u00a0\u00bb background_repeat=\u00a0\u00bbrepeat\u00a0\u00bb use_border_color=\u00a0\u00bboff\u00a0\u00bb border_color=\u00a0\u00bb#ffffff\u00a0\u00bb border_style=\u00a0\u00bbsolid\u00a0\u00bb]<\/p>\n<h1>Marie-Lorraine B\u00e9rub\u00e9<\/h1>\n<p>Professeure de la m\u00e9thode Feldenkrais<br \/>\n<strong>Qu\u00e9bec<\/strong><\/p>\n<p>418-527-8232<br \/>\n<a href=\"mailto:marielo@methode-feldenkrais.ca\" target=\"_blank\" rel=\"noopener\">marielo@methode-feldenkrais.ca<br \/>\n<\/a><a href=\"http:\/\/www.methode-feldenkrais.ca\/\" target=\"_blank\" rel=\"noopener\">www.methode-feldenkrais.ca<\/a><br \/>\n<a href=\"http:\/\/formation-education-somatique.ca\/\" target=\"_blank\" rel=\"noopener\">formation-education-somatique.ca<\/a><br \/>\n[\/et_pb_text][\/et_pb_column][et_pb_column type=\u00a0\u00bb1_4&Prime; _builder_version=\u00a0\u00bb3.25&Prime; custom_padding=\u00a0\u00bb|||\u00a0\u00bb custom_padding__hover=\u00a0\u00bb|||\u00a0\u00bb][et_pb_image src=\u00a0\u00bbhttp:\/\/feldenkraisqc.ca\/wp-content\/uploads\/2015\/08\/Berube-Marie-Loraine.jpg\u00a0\u00bb align_tablet=\u00a0\u00bbcenter\u00a0\u00bb align_phone=\u00a0\u00bb\u00a0\u00bb align_last_edited=\u00a0\u00bbon|desktop\u00a0\u00bb admin_label=\u00a0\u00bbImage\u00a0\u00bb _builder_version=\u00a0\u00bb3.23&Prime; animation_style=\u00a0\u00bbslide\u00a0\u00bb animation_direction=\u00a0\u00bbleft\u00a0\u00bb animation_duration=\u00a0\u00bb500ms\u00a0\u00bb animation_intensity_slide=\u00a0\u00bb10%\u00a0\u00bb use_border_color=\u00a0\u00bboff\u00a0\u00bb border_color=\u00a0\u00bb#ffffff\u00a0\u00bb border_style=\u00a0\u00bbsolid\u00a0\u00bb animation=\u00a0\u00bbleft\u00a0\u00bb sticky=\u00a0\u00bboff\u00a0\u00bb always_center_on_mobile=\u00a0\u00bbon\u00a0\u00bb] [\/et_pb_image][\/et_pb_column][\/et_pb_row][et_pb_row admin_label=\u00a0\u00bbrow\u00a0\u00bb _builder_version=\u00a0\u00bb3.25&Prime; background_size=\u00a0\u00bbinitial\u00a0\u00bb background_position=\u00a0\u00bbtop_left\u00a0\u00bb background_repeat=\u00a0\u00bbrepeat\u00a0\u00bb][et_pb_column type=\u00a0\u00bb4_4&Prime; _builder_version=\u00a0\u00bb3.25&Prime; custom_padding=\u00a0\u00bb|||\u00a0\u00bb custom_padding__hover=\u00a0\u00bb|||\u00a0\u00bb][et_pb_text admin_label=\u00a0\u00bbTexte\u00a0\u00bb _builder_version=\u00a0\u00bb4.9.0&Prime; background_size=\u00a0\u00bbinitial\u00a0\u00bb background_position=\u00a0\u00bbtop_left\u00a0\u00bb background_repeat=\u00a0\u00bbrepeat\u00a0\u00bb use_border_color=\u00a0\u00bboff\u00a0\u00bb border_color=\u00a0\u00bb#ffffff\u00a0\u00bb border_style=\u00a0\u00bbsolid\u00a0\u00bb]<\/p>\n<p>Formation professionnelle m\u00e9thode Feldenkrais MD (1984-1987) Assistante-formatrice accr\u00e9dit\u00e9e par la Feldenkrais Guild. J\u2019enseigne depuis 37 ans. Formation universitaire en \u00e9ducation et en th\u00e9\u00e2tre (M.A., Paris). Assistante-formatrice accr\u00e9dit\u00e9e par la Feldenkrais Guild of North America. J\u2019ai enseign\u00e9 en Europe, aux \u00c9tats-Unis, en Australie et au Japon. Je codirige l\u2019\u00c9cole qu\u00e9b\u00e9coise de formation en \u00e9ducation somatique (EQFES).<\/p>\n<p>J\u2019ai particip\u00e9 \u00e0 l\u2019implantation du programme en art dramatique ainsi qu\u2019\u00e0 celui du pr\u00e9scolaire pour le Minist\u00e8re de l\u2019\u00c9ducation du Qu\u00e9bec. J\u2019ai enseign\u00e9 au d\u00e9partement d\u2019\u00e9ducation \u00e0 l\u2019Universit\u00e9 du Qu\u00e9bec \u00e0 Rimouski, \u00e0 l\u2019Universit\u00e9 Laval \u00e0 Qu\u00e9bec ainsi qu\u2019\u00e0 l\u2019\u00e9cole de danse de Qu\u00e9bec pendant 22 ann\u00e9es.<\/p>\n<p>J\u2019ai une formation en danse contemplative, aussi appel\u00e9e mouvement authentique. \u00c0 l\u2019institut de Tamalpa, j\u2019ai eu la chance d\u2019\u00eatre form\u00e9e par Anna Halprin et sa fille Daria Halprin. 1988-1990. Ainsi que 500 heures de pratique avec le Continuum Movement (Emily Conrad)<\/p>\n<p>J\u2019ai ma pratique priv\u00e9e en \u00e9ducation somatique (rencontres individuelles et de groupe) J\u2019offre des rencontres th\u00e9matiques, des stages intensifs et du coaching pour les professeurs d\u2019\u00e9ducation somatique- M\u00e9thode Feldenkrais. J\u2019offre aussi des rencontres individuelles aux enfants.<\/p>\n<p>Membre de l\u2019Association Feldenkrais Qu\u00e9bec (AFQ) et du Regroupement pour l\u2019\u00e9ducation somatique (RES).<\/p>\n<p>[\/et_pb_text][\/et_pb_column][\/et_pb_row][\/et_pb_section]<\/p>\n","protected":false},"excerpt":{"rendered":"<p>[et_pb_section fb_built=\u00a0\u00bb1&Prime; admin_label=\u00a0\u00bbsection\u00a0\u00bb _builder_version=\u00a0\u00bb3.22&Prime;][et_pb_row column_structure=\u00a0\u00bb3_4,1_4&Prime; admin_label=\u00a0\u00bbLigne\u00a0\u00bb _builder_version=\u00a0\u00bb3.25&Prime; background_size=\u00a0\u00bbinitial\u00a0\u00bb background_position=\u00a0\u00bbtop_left\u00a0\u00bb background_repeat=\u00a0\u00bbrepeat\u00a0\u00bb][et_pb_column type=\u00a0\u00bb3_4&Prime; _builder_version=\u00a0\u00bb3.25&Prime; custom_padding=\u00a0\u00bb|||\u00a0\u00bb custom_padding__hover=\u00a0\u00bb|||\u00a0\u00bb][et_pb_text admin_label=\u00a0\u00bbTexte\u00a0\u00bb _builder_version=\u00a0\u00bb3.27.4&Prime; background_size=\u00a0\u00bbinitial\u00a0\u00bb background_position=\u00a0\u00bbtop_left\u00a0\u00bb background_repeat=\u00a0\u00bbrepeat\u00a0\u00bb use_border_color=\u00a0\u00bboff\u00a0\u00bb border_color=\u00a0\u00bb#ffffff\u00a0\u00bb border_style=\u00a0\u00bbsolid\u00a0\u00bb] Marie-Lorraine B\u00e9rub\u00e9 Professeure de la m\u00e9thode Feldenkrais Qu\u00e9bec 418-527-8232 marielo@methode-feldenkrais.ca www.methode-feldenkrais.ca formation-education-somatique.ca [\/et_pb_text][\/et_pb_column][et_pb_column type=\u00a0\u00bb1_4&Prime; _builder_version=\u00a0\u00bb3.25&Prime; custom_padding=\u00a0\u00bb|||\u00a0\u00bb custom_padding__hover=\u00a0\u00bb|||\u00a0\u00bb][et_pb_image src=\u00a0\u00bbhttp:\/\/feldenkraisqc.ca\/wp-content\/uploads\/2015\/08\/Berube-Marie-Loraine.jpg\u00a0\u00bb align_tablet=\u00a0\u00bbcenter\u00a0\u00bb align_phone=\u00a0\u00bb\u00a0\u00bb align_last_edited=\u00a0\u00bbon|desktop\u00a0\u00bb admin_label=\u00a0\u00bbImage\u00a0\u00bb _builder_version=\u00a0\u00bb3.23&Prime; animation_style=\u00a0\u00bbslide\u00a0\u00bb animation_direction=\u00a0\u00bbleft\u00a0\u00bb animation_duration=\u00a0\u00bb500ms\u00a0\u00bb animation_intensity_slide=\u00a0\u00bb10%\u00a0\u00bb use_border_color=\u00a0\u00bboff\u00a0\u00bb border_color=\u00a0\u00bb#ffffff\u00a0\u00bb border_style=\u00a0\u00bbsolid\u00a0\u00bb animation=\u00a0\u00bbleft\u00a0\u00bb sticky=\u00a0\u00bboff\u00a0\u00bb always_center_on_mobile=\u00a0\u00bbon\u00a0\u00bb] [&hellip;]<\/p>\n","protected":false},"author":1,"featured_media":0,"comment_status":"closed","ping_status":"closed","template":"","meta":{"_et_pb_use_builder":"on","_et_pb_old_content":"","_et_gb_content_width":"","footnotes":""},"project_category":[],"project_tag":[],"class_list":["post-862","project","type-project","status-publish","hentry"],"_links":{"self":[{"href":"https:\/\/feldenkraisqc.ca\/index.php?rest_route=\/wp\/v2\/project\/862","targetHints":{"allow":["GET"]}}],"collection":[{"href":"https:\/\/feldenkraisqc.ca\/index.php?rest_route=\/wp\/v2\/project"}],"about":[{"href":"https:\/\/feldenkraisqc.ca\/index.php?rest_route=\/wp\/v2\/types\/project"}],"author":[{"embeddable":true,"href":"https:\/\/feldenkraisqc.ca\/index.php?rest_route=\/wp\/v2\/users\/1"}],"replies":[{"embeddable":true,"href":"https:\/\/feldenkraisqc.ca\/index.php?rest_route=%2Fwp%2Fv2%2Fcomments&post=862"}],"version-history":[{"count":7,"href":"https:\/\/feldenkraisqc.ca\/index.php?rest_route=\/wp\/v2\/project\/862\/revisions"}],"predecessor-version":[{"id":2957,"href":"https:\/\/feldenkraisqc.ca\/index.php?rest_route=\/wp\/v2\/project\/862\/revisions\/2957"}],"wp:attachment":[{"href":"https:\/\/feldenkraisqc.ca\/index.php?rest_route=%2Fwp%2Fv2%2Fmedia&parent=862"}],"wp:term":[{"taxonomy":"project_category","embeddable":true,"href":"https:\/\/feldenkraisqc.ca\/index.php?rest_route=%2Fwp%2Fv2%2Fproject_category&post=862"},{"taxonomy":"project_tag","embeddable":true,"href":"https:\/\/feldenkraisqc.ca\/index.php?rest_route=%2Fwp%2Fv2%2Fproject_tag&post=862"}],"curies":[{"name":"wp","href":"https:\/\/api.w.org\/{rel}","templated":true}]}}

Marie-Lorraine Bérubé

<p>[et_pb_section fb_built= »1&Prime; admin_label= »section » _builder_version= »3.22&Prime;][et_pb_row column_structure= »3_4,1_4&Prime; admin_label= »Ligne » _builder_version= »3.25&Prime; background_size= »initial » background_position= »top_left » background_repeat= »repeat »][et_pb_column type= »3_4&Prime; _builder_version= »3.25&Prime; custom_padding= »||| » custom_padding__hover= »||| »][et_pb_text admin_label= »Texte » _builder_version= »3.27.4&Prime; background_size= »initial » background_position= »top_left » background_repeat= »repeat » use_border_color= »off » border_color= »#ffffff » border_style= »solid »]</p>
<h1>Marie-Lorraine Bérubé</h1>
<p>Professeure de la méthode Feldenkrais<br />
<strong>Québec</strong></p>
<p>418-527-8232<br />
<a href="mailto:marielo@methode-feldenkrais.ca" target="_blank" rel="noopener">marielo@methode-feldenkrais.ca<br />
</a><a href="http://www.methode-feldenkrais.ca/" target="_blank" rel="noopener">www.methode-feldenkrais.ca</a><br />
<a href="http://formation-education-somatique.ca/" target="_blank" rel="noopener">formation-education-somatique.ca</a><br />
[/et_pb_text][/et_pb_column][et_pb_column type= »1_4&Prime; _builder_version= »3.25&Prime; custom_padding= »||| » custom_padding__hover= »||| »][et_pb_image src= »http://feldenkraisqc.ca/wp-content/uploads/2015/08/Berube-Marie-Loraine.jpg » align_tablet= »center » align_phone= » » align_last_edited= »on|desktop » admin_label= »Image » _builder_version= »3.23&Prime; animation_style= »slide » animation_direction= »left » animation_duration= »500ms » animation_intensity_slide= »10% » use_border_color= »off » border_color= »#ffffff » border_style= »solid » animation= »left » sticky= »off » always_center_on_mobile= »on »] [/et_pb_image][/et_pb_column][/et_pb_row][et_pb_row admin_label= »row » _builder_version= »3.25&Prime; background_size= »initial » background_position= »top_left » background_repeat= »repeat »][et_pb_column type= »4_4&Prime; _builder_version= »3.25&Prime; custom_padding= »||| » custom_padding__hover= »||| »][et_pb_text admin_label= »Texte » _builder_version= »4.9.0&Prime; background_size= »initial » background_position= »top_left » background_repeat= »repeat » use_border_color= »off » border_color= »#ffffff » border_style= »solid »]</p>
<p>Formation professionnelle méthode Feldenkrais MD (1984-1987) Assistante-formatrice accréditée par la Feldenkrais Guild. J’enseigne depuis 37 ans. Formation universitaire en éducation et en théâtre (M.A., Paris). Assistante-formatrice accréditée par la Feldenkrais Guild of North America. J’ai enseigné en Europe, aux États-Unis, en Australie et au Japon. Je codirige l’École québécoise de formation en éducation somatique (EQFES).</p>
<p>J’ai participé à l’implantation du programme en art dramatique ainsi qu’à celui du préscolaire pour le Ministère de l’Éducation du Québec. J’ai enseigné au département d’éducation à l’Université du Québec à Rimouski, à l’Université Laval à Québec ainsi qu’à l’école de danse de Québec pendant 22 années.</p>
<p>J’ai une formation en danse contemplative, aussi appelée mouvement authentique. À l’institut de Tamalpa, j’ai eu la chance d’être formée par Anna Halprin et sa fille Daria Halprin. 1988-1990. Ainsi que 500 heures de pratique avec le Continuum Movement (Emily Conrad)</p>
<p>J’ai ma pratique privée en éducation somatique (rencontres individuelles et de groupe) J’offre des rencontres thématiques, des stages intensifs et du coaching pour les professeurs d’éducation somatique- Méthode Feldenkrais. J’offre aussi des rencontres individuelles aux enfants.</p>
<p>Membre de l’Association Feldenkrais Québec (AFQ) et du Regroupement pour l’éducation somatique (RES).</p>
<p>[/et_pb_text][/et_pb_column][/et_pb_row][/et_pb_section]</p>

<p>[et_pb_section fb_built= »1&Prime; admin_label= »section » _builder_version= »3.22&Prime;][et_pb_row column_structure= »3_4,1_4&Prime; admin_label= »Ligne » _builder_version= »3.25&Prime; background_size= »initial » background_position= »top_left » background_repeat= »repeat »][et_pb_column type= »3_4&Prime; _builder_version= »3.25&Prime; custom_padding= »||| » custom_padding__hover= »||| »][et_pb_text admin_label= »Texte » _builder_version= »3.27.4&Prime; background_size= »initial » background_position= »top_left » background_repeat= »repeat » use_border_color= »off » border_color= »#ffffff » border_style= »solid »] Marie-Lorraine Bérubé Professeure de la méthode Feldenkrais Québec 418-527-8232 marielo@methode-feldenkrais.ca www.methode-feldenkrais.ca formation-education-somatique.ca [/et_pb_text][/et_pb_column][et_pb_column type= »1_4&Prime; _builder_version= »3.25&Prime; custom_padding= »||| » custom_padding__hover= »||| »][et_pb_image src= »http://feldenkraisqc.ca/wp-content/uploads/2015/08/Berube-Marie-Loraine.jpg » align_tablet= »center » align_phone= » » align_last_edited= »on|desktop » admin_label= »Image » _builder_version= »3.23&Prime; animation_style= »slide » animation_direction= »left » animation_duration= »500ms » animation_intensity_slide= »10% » use_border_color= »off » border_color= »#ffffff » border_style= »solid » animation= »left » sticky= »off » always_center_on_mobile= »on »] [&hellip;]</p>
